*s - 1. Let p = 173 - s. What is the tens digit of p?
3
What is the hundreds digit of (-1088)/(-6)*144/48?
5
Let l(a) = -2*a**3 + 3*a**3 + 6*a**2 + 0*a + 6*a - a + 4. Suppose -2*u = 5 + 3. What is the tens digit of l(u)?
1
Suppose 0*r - 448 = 4*i - 3*r, r = 5*i + 549. Let s(o) = -3*o**3 - o**2 - 2*o - 7. Let c be s(-4). Let a = c + i. What is the units digit of a?
8
What is the hundreds digit of 36/(-450) + (-9702)/(-25)?
3
Suppose -3*v = r - 703, -4*r + 296 = 3*v - 410. What is the tens digit of v?
3
Let q(k) = 11*k**2 - 20*k + 50. What is the hundreds digit of q(-7)?
7
Let s = -20 + 23. Let j be 15/(-2)*(-4)/s. Suppose j*a = 7*a + 69. What is the tens digit of a?
2
Suppose 2 - 4 = -o. Let u be o/5 + 138/30. Suppose p = u*h - 77, 3*h - 51 = 3*p - 0. What is the units digit of h?
5
Suppose f = 5*r + 32, f = -4*r + 5 - 18. Suppose 70 = f*o - 2*o. Suppose -2*m = -h + o, -3*h + 42 = 6*m - 2*m. What is the tens digit of h?
1
What is the tens digit of 5 - 115/25 - 3336/(-10)?
3
Let o be (33/2)/((-7)/(-56)). Let z = 340 - o. What is the tens digit of z?
0
Suppose 137 = 4*w - 307. What is the hundreds digit of (-3 - (-3 - -1)) + w?
1
Let j(i) = 2*i + 20. Let t be j(10). Let u = t + -7. What is the tens digit of u?
3
Let x(m) = 141*m**2 + 71*m + 95. Let k(i) = 28*i**2 + 14*i + 19. Let f(t) = 11*k(t) - 2*x(t). What is the hundreds digit of f(-3)?
2
Let m = 1781 + 954. What is the hundreds digit of m?
7
Let u(j) = j**3 + 22*j**2 - 90*j + 36. What is the units digit of u(-23)?
7
Let l be (-1 - 3326/(-10))/((-32)/(-80)). Suppose 6 + 6 = -4*d, -l = -4*w - 5*d. What is the hundreds digit of w?
2
Suppose 35 - 9 = 4*n + 5*t, -n = -t - 2. Suppose 4*h - 1528 = -n*h. What is the units digit of h?
1
Let i(j) = 128*j + 89. What is the hundreds digit of i(12)?
6
Suppose -11006 + 641 = -5*o. What is the units digit of o?
3
Suppose 2*k + 4*g - 2280 = 2570, -5*g = -k + 2425. What is the thousands digit of k?
2
What is the hundreds digit of -289*(-2 - -1) - (18 - 21)?
2
Let c(s) = -19*s + 36. Let o be ((-10)/(-4))/((-5)/10). What is the tens digit of c(o)?
3
Suppose 2*u = 3*j - 1002, -4*j + 3*u + 208 = -1127. What is the hundreds digit of j?
3
Let l(w) = 9*w**2 + 2*w + 50. What is the tens digit of l(-11)?
1
Let i(h) = 30*h**2 - 2*h - 4. What is the tens digit of i(2)?
1
Let q = -9 + 27. Let m be (-2)/(-6) - 8494/(-6). What is the tens digit of m/54 - 4/q?
2
Let p(k) = -7*k - 1. Let x be p(4). Let a(h) = -h**3 - h**2 + h - 53. Let r be a(0). Let z = x - r. What is the units digit of z?
4
Suppose -3*d + 16 = d, -2*y = -5*d - 1458. What is the hundreds digit of y?
7
Let u be 9 + -5 - 32*-17. Suppose -7*k + 2*k - 4*y + 919 = 0, -3*k + u = -y. What is the tens digit of k?
8
Suppose -11 = 9*k + 2*k. Let h(d) = -6*d**3 + 2*d**2 + 5*d + 4. What is the units digit of h(k)?
7
What is the hundreds digit of 20665/8 + (-75)/600?
5
What is the units digit of (0 + 4/(-12))/(4/(-7956))?
3
Suppose 0 = -60*i + 45*i + 3705. What is the hundreds digit of i?
2
Let q = 103 - 40. Suppose 6*z - 3*z - q = 0. Suppose -y = 2*y - z. What is the units digit of y?
7
Suppose 0 = 7*i - 15 - 13. Suppose j + 504 = 3*p - 176, -5*j + 932 = i*p. What is the hundreds digit of p?
2
What is the hundreds digit of 7/28 + (1739/4 - -4)?
4
Suppose 1305 = 5*a - 2*a. Suppose 5*u - a + 70 = 0. What is the units digit of u?
3
Suppose -20*k = -22*k - 56. Let x be -1 - 30 - (3 + -2). What is the units digit of -7*(x/k + -4)?
0
Let y = -117 - -277. Suppose -74 = -y*c + 159*c. What is the tens digit of c?
7
What is the hundreds digit of (-4)/(-6)*(-89901)/(-42)?
4
Suppose 1393 = 4*i + 5*x, -3*i + x + 1053 = 2*x. Suppose -i = 123*h - 127*h. What is the tens digit of h?
8
Let f = -558 + 1430. What is the hundreds digit of f?
8
Let n(u) = 22*u**2 - 6*u + 15. What is the hundreds digit of n(4)?
3
Suppose -4*j = w + 51, -5*j + 2*w - 18 = -3*j. Let i = 80 + j. What is the tens digit of i?
6
Suppose 2*m = 4*h - 2434, 3*h + 4*m = 6*h - 1838. Suppose -3*i = 5*p - 755, -2*i + h = -p + 5*p. What is the tens digit of p?
5
Suppose 5*s = -2*c + 117, 2*s = -3*c + 8 + 41. What is the tens digit of s?
2
Suppose 62 = 2*r + 2*f, 0*r = 3*r - 2*f - 118. What is the units digit of (-156)/(-5) + r/45?
2
Let g be (525/(-6))/((-2)/4). Let c = 282 - g. Suppose 0 = -3*o - o - z + c, 2*z - 25 = -o. What is the tens digit of o?
2
Suppose 0 = 4*t - 3*k - 2, -3*k = 3*t - k + 7. Let g(i) = 41*i**2. What is the units digit of g(t)?
1
Let k be (12/(-8))/(3/(-2)) - -2. Suppose -2*y = -y + k*n - 188, 5*n - 378 = -2*y. What is the tens digit of y?
9
Let p be 2 - 0 - (1 - 2)*1. Suppose -p*o - 87 = -2*f - 10, -5*o - 83 = -2*f. What is the units digit of f?
4
Suppose -20 = -4*n, k = 5*n - 2*n + 8. Suppose k*u - 20*u = 294. What is the tens digit of u?
9
Let x = 565 - 307. What is the units digit of x?
8
Suppose -4*x + 34 = -2*x. Let h = x + 32. What is the units digit of h?
9
Let x(h) = 4*h**2 + 16*h - 12. Let m be x(-12). Let k be (0 - 2)/((-5)/10). Suppose -k*c - 2*c = -m. What is the tens digit of c?
6
Suppose -2204 + 467 = -3*c - 5*d, 2*c - d - 1171 = 0. What is the tens digit of c?
8
Suppose -5 = 3*n - 5*c, 0 = -n + 2*c + c + 1. Let x(q) = -19*q + 1. What is the units digit of x(n)?
6
Let b(u) = 2*u**2 - u**2 + 7 - 1 - 6*u. Let g be b(4). Let f = 24 + g. What is the tens digit of f?
2
Let i(d) = -d**2 - 12*d + 5. Let c be i(-10). Let n = -22 + c. What is the units digit of n?
3
Let j(g) = 5*g**2 - 3*g - 2. Suppose 5*p + 14 = 9. What is the units digit of j(p)?
6
Let w = -641 - -1035. What is the units digit of w?
4
Let q(b) = -b**2 + 11*b - 8. Let z be q(10). Suppose 3*a = -3*i + 268 + 65, 358 = 3*i - z*a. What is the hundreds digit of i?
1
Let h(c) be the first derivative of 2*c**3/3 + 3*c**2/2 - c - 18. Suppose 4*o = r - 6, 2*o - 3 = -5. What is the units digit of h(r)?
3
Let o = -176 - -336. Suppose 14 = 2*d - y, 2*d - y = 3*y + 20. Suppose -2*b = -d*b + o. What is the tens digit of b?
4
Let i = -189 + 992. What is the units digit of i?
3
Let i = 6974 + -4130. What is the hundreds digit of i?
8
Let r be 56/10 + (-2)/(-5). Suppose 0 = -r*p - 0*p + 48. What is the units digit of p?
8
Let s = -5337 - -11349. What is the thousands digit of s?
6
Let j = -202 - -302. Suppose -3*i = -i - 6. Suppose -z + 25 = -c - 0, 0 = 4*z - i*c - j. What is the tens digit of z?
2
Let l be (-1)/(-1)*-1*(3 + 115). Let h = l - -151. What is the tens digit of h?
3
Suppose i - 3*m = 813, 2*i + 5*m = 3*i - 809. What is the units digit of i?
9
Let z(b) = 7*b + 44. Suppose -47 = -5*r + 13. What is the units digit of z(r)?
8
Suppose 0*w + 2 = w. Suppose 66 = -0*z - w*z. What is the tens digit of (-6)/z + 480/22?
2
Suppose 0 = -3*j + 43 + 149. What is the units digit of j?
4
Let s(p) = p**2 + p + 1. Let w be s(2). Let l(j) = 8*j - 10 - 2*j + j**2 - 5*j. What is the tens digit of l(w)?
4
Let q = 45 - -239. What is the units digit of q?
4
Let g(p) = 21*p - 65. Let s(i) = -62*i + 196. Let n(a) = -8*g(a) - 3*s(a). What is the tens digit of n(11)?
3
Suppose -2*a + 6*a + 2*s - 24 = 0, 2*s - 20 = -3*a. Suppose a*w - 4*m - 240 = 0, 4*w - 181 = w + 2*m. What is the units digit of w?
1
Let p = 3575 + -261. What is the hundreds digit of p?
3
Let h(p) = 9*p**3 - p**2 + p - 3. Let v be h(4). What is the units digit of v/15 + (-27)/(-45)?
8
Suppose 65*p - 69*p = -u - 11861, 0 = -3*p + 5*u + 8917. What is the thousands digit of p?
2
Let q be (-6)/(-15)*(22 + -7). Let p be (-2)/q + 2/6. Let b(g) = g**3 + g**2 - g + 51. What is the tens digit of b(p)?
5
Suppose 0*b + 25 = 5*b. Let g be -1 + b + (-7 - -5). What is the tens digit of ((-65)/(-26))/(g/32)?
4
Let k = 53 + -71. What is the units digit of 27/(1 - 0) + 18/k?
6
Let k(u) = 10*u**2 - 4*u. Let c be k(2). What is the units digit of (-3 - 1) + (c - -2)?
0
Suppose 3*q = 47 - 17. Suppose 0 = -4*g - g + q. Let j = g + 20. What is the tens digit of j?
2
Let z(n) be the first derivative of n**3/3 + 9*n**2/2 + 12*n + 4. Let v be z(-8). Suppose -3*l = -v*b + 47, 3*b - 3*l + 2*l = 39. What is the tens digit of b?
1
Suppose -21*w - 3*n = -20*w - 522, -2*n + 4 = 0. What is the tens digit of w?
1
Suppose -4*m - 42 = -11*m. Suppose 2*r = m*r + 20, 0 = -w + 4*r + 119. What is the units digit of w?
9
Let h(d) = -d**2 - d**2 - 5 - 3*d**3 - d + 4*d**3 - 3*